at is the greatest common factor of 27 and 884223?
27
What is the highest common divisor of 2238344 and 1328?
664
What is the greatest common factor of 512 and 26336?
32
Calculate the highest common divisor of 1420060 and 185.
185
What is the highest common divisor of 18202 and 6?
2
What is the highest common divisor of 216 and 12069?
27
Calculate the greatest common factor of 308 and 4956.
28
What is the highest common factor of 16 and 645712?
16
What is the greatest common divisor of 6097 and 164?
1
Calculate the greatest common divisor of 2601 and 183753.
153
What is the highest common divisor of 88 and 51172?
44
Calculate the highest common divisor of 159 and 798339.
159
What is the highest common divisor of 103 and 5?
1
What is the highest common factor of 10317 and 43776?
57
Calculate the highest common divisor of 64 and 120256.
64
Calculate the highest common factor of 1253694 and 234.
78
Calculate the greatest common divisor of 115672 and 304.
152
Calculate the highest common divisor of 3084 and 60.
12
Calculate the greatest common factor of 8541 and 468.
117
Calculate the highest common divisor of 493 and 92916.
29
Calculate the greatest common factor of 2343 and 95637.
213
Calculate the greatest common factor of 1288 and 414552.
184
What is the greatest common divisor of 988 and 779?
19
What is the greatest common divisor of 1854 and 31106?
206
What is the highest common factor of 15006360 and 120?
120
What is the greatest common divisor of 72 and 765252?
36
Calculate the greatest common factor of 47751 and 3.
3
Calculate the highest common factor of 78 and 106275.
39
What is the greatest common divisor of 1342469 and 587?
587
Calculate the highest common divisor of 746250 and 30.
30
Calculate the greatest common factor of 16659 and 405.
27
Calculate the greatest common factor of 66807 and 26.
13
Calculate the greatest common factor of 114396 and 12.
12
Calculate the highest common factor of 4644 and 16770.
258
What is the greatest common divisor of 103342 and 5706?
634
Calculate the greatest common factor of 186876 and 716.
716
What is the highest common factor of 15 and 754760?
5
Calculate the highest common factor of 3608 and 1763.
41
Calculate the highest common divisor of 470754 and 36.
18
Calculate the highest common factor of 846 and 599391.
423
What is the greatest common divisor of 1531014 and 981?
327
Calculate the greatest common factor of 162 and 71148.
6
What is the greatest common factor of 195 and 20841?
3
Calculate the greatest common factor of 4063 and 238.
17
What is the greatest common factor of 51 and 505393?
17
What is the greatest common divisor of 82 and 159408?
82
What is the highest common divisor of 1848 and 159621?
231
What is the greatest common divisor of 190 and 835150?
10
What is the greatest common divisor of 2622573 and 183?
183
Calculate the highest common divisor of 175 and 4555.
5
Calculate the greatest common factor of 886574 and 26.
26
What is the greatest common divisor of 258 and 1902?
6
What is the greatest common factor of 114744 and 504?
168
What is the highest common divisor of 327 and 43709?
109
What is the highest common factor of 7954 and 18818?
194
What is the highest common divisor of 9359 and 52334?
191
What is the highest common divisor of 181 and 1639860?
181
What is the greatest common factor of 56 and 1263136?
56
What is the greatest common divisor of 5283 and 9979?
587
What is the greatest common factor of 66218 and 113?
113
What is the highest common divisor of 2610 and 365110?
290
What is the greatest common divisor of 1072 and 149936?
16
What is the greatest common factor of 1030194 and 774?
774
Calculate the greatest common divisor of 38 and 484215.
19
What is the highest common factor of 216 and 1248480?
216
What is the highest common divisor of 979800 and 552?
552
What is the highest common divisor of 121 and 16018343?
121
Calculate the greatest common factor of 3598528 and 4.
4
What is the highest common factor of 83079 and 2295?
459
What is the highest common divisor of 74976 and 132?
132
Calculate the highest common divisor of 3412 and 4.
4
Calculate the greatest common divisor of 354 and 83308.
118
Calculate the greatest common divisor of 1305 and 13833.
261
Calculate the highest common factor of 1547 and 32963.
119
Calculate the highest common divisor of 78 and 307281.
39
What is the highest common factor of 269876 and 38?
38
What is the highest common factor of 522483 and 39?
39
Calculate the highest common factor of 61131 and 41328.
861
Calculate the highest common divisor of 108 and 898236.
108
What is the greatest common factor of 198 and 63393?
33
What is the highest common factor of 194 and 1063993?
97
What is the highest common divisor of 255440 and 21630?
1030
Calculate the greatest common factor of 135 and 34479.
27
What is the highest common factor of 743813 and 4543?
413
Calculate the greatest common factor of 3 and 6840.
3
What is the greatest common factor of 438 and 21754?
146
What is the highest common divisor of 39562 and 524?
262
Calculate the greatest common divisor of 1578 and 21.
3
Calculate the greatest common divisor of 11097 and 1863.
81
Calculate the greatest common divisor of 16 and 398768.
16
What is the greatest common factor of 1416 and 1128?
24
What is the highest common factor of 120 and 64488?
24
Calculate the greatest common divisor of 192 and 327048.
24
What is the greatest common divisor of 30997 and 10927?
223
What is the highest common factor of 945 and 83685?
105
Calculate the highest common divisor of 9453 and 1507.
137
Calculate the greatest common divisor of 164461 and 22.
11
What is the greatest common factor of 2781 and 9579?
309
Calculate the highest common divisor of 1245851 and 699.
233
Calculate the highest common factor of 63177 and 87.
3
Calculate the highest common factor of 20609 and 777.
37
What is the highest common factor of 12138 and 412114?
578
Calculate the greatest common factor of 170 and 244834.
34
Calculate the highest common divisor of 263 and 8416.
263
Calculate the greatest common divisor of 55 and 207625.
55
Calculate the highest common divisor of 780 and 5508.
12
Calculate the highest common divisor of 67854 and 5786.
526
What is the highest common divisor of 68 and 80588?
4
What is the highest common factor of 66 and 370689?
33
Calculate the highest common divisor of 4753 and 12416.
97
Calculate the greatest common factor of 621 and 12650.
23
What is the greatest common divisor of 2289 and 577591?
763
Calculate the highest common factor of 100 and 186740.
20
Calculate the highest common divisor of 375201 and 9.
9
What is the highest common factor of 336 and 8596?
28
Calculate the highest common factor of 2800 and 1175.
25
Calculate the highest common factor of 58 and 161907.
29
What is the highest common divisor of 883332 and 12?
12
Calculate the greatest common factor of 2970 and 30510.
270
What is the greatest common divisor of 609 and 482496?
21
Calculate the highest common divisor of 192 and 648408.
24
Calculate the highest common divisor of 315319 and 1161.
43
Calculate the greatest common divisor of 2058 and 4214.
98
Calculate the highest common divisor of 170 and 3160.
10
What is the highest common factor of 33345 and 30?
15
What is the greatest common factor of 31146 and 18?
6
What is the highest common factor of 494 and 1083?
19
What is the highest common divisor of 4476527 and 319?
319
What is the highest common divisor of 65625 and 150?
75
What is the greatest common factor of 444 and 53983?
37
Calculate the greatest common factor of 3648 and 37088.
608
What is the greatest common factor of 93906 and 376?
94
What is the greatest common divisor of 19729 and 12851?
181
What is the highest common divisor of 130 and 115960?
130
What is the greatest common factor of 1540 and 110320?
140
Calculate the highest common factor of 1311618 and 5610.
1122
What is the highest common divisor of 2260 and 4660?
20
What is the highest common divisor of 2415 and 4305?
105
Calculate the greatest common divisor of 253 and 20907.
23
Calculate the greatest common factor of 85 and 311219.
17
Calculate the highest common divisor of 147 and 686.
49
What is the highest common divisor of 3916 and 120417?
979
Calcula